 greatest common divisor of 26 and f.
26
Let r(y) = 2*y**3 - 31*y**2 + 48*y - 12. Let w be r(15). Calculate the greatest common divisor of w and 21.
21
Let d(z) = 3 + 1 + z + 7. Let q be d(-11). Suppose 4*v - 5*v + 1 = q. Calculate the greatest common factor of v and 7.
1
Let x be (-21)/(-15) + -1 - (-38)/5. Suppose -3*w + x*w = 10, 4*a = 2*w + 256. What is the greatest common divisor of a and 13?
13
Let o = -50 - -54. Let x(m) = -m + 13. Let d be x(9). What is the greatest common divisor of o and d?
4
Let c(h) = h**2 + 2*h - 9. Let w be c(5). Calculate the highest common divisor of 221 and w.
13
Let y = 70 - 56. What is the highest common factor of y and 406?
14
Let h = 296 - 244. What is the highest common factor of 156 and h?
52
Suppose 4 = p + 2. Let t(u) = -u**3 + 3*u**2 - 1. Let g be t(3). Let m = p + g. What is the highest common factor of 11 and m?
1
Let z(x) = -4 + 4*x + 2*x + 2*x - 2. Let u be z(6). Suppose 15*k - 135 = 75. Calculate the highest common divisor of k and u.
14
Let o be (8/5)/((-2)/(-345)). Let t = -150 + o. Let d = -20 + 38. What is the greatest common divisor of t and d?
18
Let i be (-2)/(-3) + (-219)/(-9). Let v = 14 - i. Let s(q) = q**2 + 11*q + 2. Let u be s(v). What is the greatest common divisor of 6 and u?
2
Suppose -2*z + 316 = -4*o, -661 = -4*z + 3*o - 19. Calculate the greatest common factor of z and 18.
18
Let w be -21*(-30)/(-9)*-1. What is the greatest common divisor of 10 and w?
10
Suppose 0 = -4*k - 8, -2*k = 60*r - 57*r - 140. Let x = 3 - 2. Let j be x + 3 + 1 + 1. Calculate the greatest common divisor of r and j.
6
Suppose 139 = k - 2*h - 13, 4*h = 3*k - 446. What is the greatest common factor of k and 213?
71
Let d(t) = t**3 + 8*t**2 - 4*t - 26. Let u be d(-8). What is the greatest common divisor of u and 390?
6
Let v = 123 + -115. Calculate the greatest common factor of 92 and v.
4
Let r = 43 + -7. Calculate the highest common factor of r and 198.
18
Let h = 119 + -126. Suppose 0*d - 1 = -d. Let z be 0 - 1 - h*d. Calculate the greatest common divisor of z and 4.
2
Suppose 0 = -2*r + 4*f + 874, 0 = 2*r - 3*f - 316 - 553. Calculate the greatest common factor of 183 and r.
61
Suppose -3*s = -2*q - 189, 3*q = 2*s - 142 + 16. Calculate the greatest common factor of 14 and s.
7
Let k(j) = -j - 10. Let x be k(4). Let v(h) = h**2 + 9*h - 25. Let u be v(x). What is the greatest common divisor of 18 and u?
9
Let z = -40 - -100. Let x be (7 + 2)*(-3)/((-18)/(-4)). Let b be x*7/(14/(-8)). What is the highest common factor of b and z?
12
Let a be 6/21 - (-2440)/35. What is the greatest common factor of 30 and a?
10
Suppose 38*s - 23*s - 3840 = 0. What is the highest common divisor of s and 16?
16
Suppose -176 = -2*z - 4*i, -z + i + 39 = -43. Let g = 1627 + -1615. Calculate the greatest common divisor of z and g.
12
Suppose -32 = -5*h + 33. Suppose 11*f = h*f - 52. What is the highest common divisor of f and 65?
13
Suppose -r - 4*r + 140 = 0. Suppose -5*i = -10, -2*i = 3*y + 2*y + 61. Let x = r + y. Calculate the greatest common factor of 30 and x.
15
Let r(q) = 30*q**2 + 4*q - 2*q + 0*q. Let b be r(1). Let n be (-50)/(-15) - 4/(-6). What is the highest common divisor of n and b?
4
Let g = -17 + 22. Let o be g + -6*(-8)/12. Calculate the highest common factor of o and 9.
9
Let b(l) = 2*l**3 - 14*l**2 + 5*l + 7. Let f be b(7). Calculate the greatest common factor of f and 378.
42
Suppose 112 = -3*b + 5*b. Let d be ((-2)/(-4))/((-3)/(-42)). Let a be (-1)/d + 288/b. Calculate the greatest common divisor of a and 20.
5
Let p(u) = 7*u - 10. Let k be p(4). Suppose -k*a = -14*a - 160. Calculate the greatest common divisor of 16 and a.
8
Let p be (-174)/12*-8 - -1. What is the greatest common divisor of 13 and p?
13
Let j(v) = 7*v + 33. Let x be j(-5). Let b be (-910)/(-20) - 1/x. Calculate the highest common divisor of b and 115.
23
Suppose 0 = -6*c + 2*c - 4. Let q be (-4 - (-11 + 5))/(c/(-8)). What is the highest common factor of 16 and q?
16
Suppose 78 = 3*n + 6. Let a = n + -4. Let c be (1 + 3)/((-6)/(-15)). What is the highest common divisor of c and a?
10
Let f(u) = -u**2 + 3. Let s be f(0). Suppose 36 = s*b - 36. Let d be 4/((3/(-1))/(-9)). What is the greatest common divisor of b and d?
12
Let y(b) = -b**3 + 4*b**2 + b - 4. Let n be y(3). Let u(m) = -20*m. Let d = -14 - -13. Let g be u(d). What is the highest common divisor of n and g?
4
Suppose 0 = -13*c - 12*c + 38750. What is the highest common factor of 50 and c?
50
Suppose -55 = -a + 1. Let q(n) = -n**3 - 15*n**2 - 53*n - 16. Let w be q(-10). What is the greatest common factor of w and a?
14
Let p be (2 + (-683)/(-5))/(3/10). Calculate the highest common factor of p and 198.
66
Suppose -4*x - 72 = -3*z - x, -z + 22 = -2*x. Let c = z + -22. Let n be c/3*(-396)/(-24). Calculate the greatest common divisor of 242 and n.
22
Suppose -68 = -3*w + 5*n, -284*w + 5*n + 6 = -283*w. Suppose i - 45 = 3*r + 95, 2*r = 10. Calculate the greatest common factor of w and i.
31
Let h(f) = -f**3 - 9*f**2 + 12*f + 7. Let a be h(-10). Let p(u) = -u**3 - 13*u**2 - 3*u - 16. Let k be p(a). What is the highest common divisor of k and 23?
23
Let a(o) = o**3 + o. Let p be a(0). Let w be 4/1 + (1 - p). Suppose 54 = w*u - b, 3*u = 4*b - 2*b + 38. What is the highest common divisor of u and 10?
10
Let l = 1 - 8. Let t(a) = -9*a + 6. Let c be t(l). Suppose -c = -5*s + 156. What is the greatest common divisor of 9 and s?
9
Suppose 229 = 10*m + 59. Let f = m + -5. Calculate the greatest common divisor of f and 12.
12
Let z(a) = a + 11. Let d be z(-8). Let f(x) = 1 - 10 - 5 + 2*x + x**d - 10*x**2 - 10*x. Let v be f(11). What is the highest common factor of 19 and v?
19
Suppose 6*d - 5*d - 46 = 0. Let w = -155 - -385. What is the highest common factor of d and w?
46
Let c be 1266/24 + 15/(-20). What is the greatest common factor of 26 and c?
26
Let q be 5 + 13 - (0 - 0). Let v be (4/(-1))/(423/(-405) - -1). Calculate the greatest common divisor of q and v.
18
Let i = 16 - 12. Let g be 1*-2*(-70)/i. What is the greatest common divisor of g and 7?
7
Let m be 1312/60 - 2/(-15). Let f be 2 + 15/10*m. Calculate the highest common divisor of f and 14.
7
Let b(s) = -s**3 + 6*s**2 + 2*s - 10. Let y be b(4). Calculate the greatest common divisor of 240 and y.
30
Let d = -798 + 800. What is the highest common factor of 50 and d?
2
Let n = 18 + -29. Let w be 31*1 - (-11)/n. Let o be ((-3)/6*-30)/1. What is the greatest common divisor of w and o?
15
Suppose 10*f = -24 + 154. What is the greatest common divisor of f and 1859?
13
Suppose -3*r - 24 = -5*a, 4*a + 16*r - 26 = 15*r. Calculate the highest common divisor of a and 24.
6
Let w(v) = -v**3 - 13*v**2 - 14*v - 19. Let t be w(-12). Suppose 0 = 2*j - 4*h - 250, -t*h = -5*j - h + 655. What is the highest common factor of 15 and j?
15
Let z be (-4 + 3)*-2 + (-3 - -11). Calculate the highest common divisor of z and 365.
5
Let s(m) = 28*m - 854. Let f be s(35). Calculate the highest common factor of 70 and f.
14
Let l be 2/5 + 5670/(-50). Let s = l - -241. Calculate the greatest common factor of 16 and s.
16
Suppose -8*w = -2*w - 1434. Let n = w + 81. Suppose 0 = k + 8 - n. Calculate the greatest common divisor of k and 39.
39
Let z = 3 - -1. Suppose 4*w + k - 39 = -15, -4*w + 4*k = -4. Suppose 0 = -3*m - 3*x + 21, 3*m - w*x = -2*x + 39. What is the greatest common divisor of m and z?
2
Let g(z) = z**2 - 7*z - 13. Let r be g(9). Suppose -1680 = -r*c + 2*c. Suppose -c = 4*q - 9*q. Calculate the greatest common divisor of 16 and q.
16
Let v = 45 - 33. Calculate the greatest common divisor of v and 114.
6
Let r = 470 + -457. Calculate the greatest common divisor of r and 663.
13
Let f(p) = 3*p**3 - 4*p**2 - p - 1. Let t be f(2). Suppose 3*g + 217 = 5*k, -2*k - t = -3*g - 90. Calculate the greatest common factor of k and 484.
44
Suppose 37*n - 34*n = 33. Suppose 0 = -3*x + 4*x - b - n, b - 1 = 0. Calculate the highest common factor of x and 3.
3
Let u(h) = -5*h**2 - 3*h. Let w be u(-2). Let d = w - -86. Suppose 4*m + v = 41, -4*m + 2*v = -25 - 1. Calculate the greatest common divisor of d and m.
9
Suppose 0 = -0*u + u - 3, u + 2550 = 3*s. Calculate the greatest common factor of 23 and s.
23
Let x(j) = 15*j**2 + 15*j - 9. Let l be x(3). Calculate the greate